[INFO] fetching crate rsgt 0.3.5...
[INFO] checking rsgt-0.3.5 against master#9610dfe5a9a731ced1ea4923ecbd0c57fe367898 for beta-170-4
[INFO] extracting crate rsgt 0.3.5 into /workspace/builds/worker-7-tc1/source
[INFO] validating manifest of crates.io crate rsgt 0.3.5 on toolchain 9610dfe5a9a731ced1ea4923ecbd0c57fe367898
[INFO] running `Command { std: CARGO_HOME="/workspace/cargo-home" RUSTUP_HOME="/workspace/rustup-home" "/workspace/cargo-home/bin/cargo" "+9610dfe5a9a731ced1ea4923ecbd0c57fe367898" "metadata" "--manifest-path" "Cargo.toml" "--no-deps", kill_on_drop: false }`
[INFO] started tweaking crates.io crate rsgt 0.3.5
[INFO] finished tweaking crates.io crate rsgt 0.3.5
[INFO] tweaked toml for crates.io crate rsgt 0.3.5 written to /workspace/builds/worker-7-tc1/source/Cargo.toml
[INFO] crate crates.io crate rsgt 0.3.5 already has a lockfile, it will not be regenerated
[INFO] running `Command { std: CARGO_HOME="/workspace/cargo-home" RUSTUP_HOME="/workspace/rustup-home" "/workspace/cargo-home/bin/cargo" "+9610dfe5a9a731ced1ea4923ecbd0c57fe367898" "fetch" "--manifest-path" "Cargo.toml", kill_on_drop: false }`
[INFO] [stderr]     Updating crates.io index
[INFO] [stderr]  Downloading crates ...
[INFO] [stderr]   Downloaded pollster v0.2.5
[INFO] [stderr]   Downloaded pest v2.5.2
[INFO] [stderr]   Downloaded msgbox v0.7.0
[INFO] [stderr]   Downloaded rsgt_core v0.1.0
[INFO] [stderr]   Downloaded rsgt_wgpu v0.1.0
[INFO] [stderr]   Downloaded ash v0.37.1+1.3.235
[INFO] running `Command { std: "docker" "create" "-v" "/var/lib/crater-agent-workspace/builds/worker-7-tc1/target:/opt/rustwide/target:rw,Z" "-v" "/var/lib/crater-agent-workspace/builds/worker-7-tc1/source:/opt/rustwide/workdir:ro,Z" "-v" "/var/lib/crater-agent-workspace/cargo-home:/opt/rustwide/cargo-home:ro,Z" "-v" "/var/lib/crater-agent-workspace/rustup-home:/opt/rustwide/rustup-home:ro,Z" "-e" "SOURCE_DIR=/opt/rustwide/workdir" "-e" "CARGO_TARGET_DIR=/opt/rustwide/target" "-e" "CARGO_HOME=/opt/rustwide/cargo-home" "-e" "RUSTUP_HOME=/opt/rustwide/rustup-home" "-w" "/opt/rustwide/workdir" "-m" "1610612736" "--user" "0:0" "--network" "none" "ghcr.io/rust-lang/crates-build-env/linux@sha256:19e73879b68f455e41552ea35293514db52ea292d993f571636dbffedb77a1ee" "/opt/rustwide/cargo-home/bin/cargo" "+9610dfe5a9a731ced1ea4923ecbd0c57fe367898" "metadata" "--no-deps" "--format-version=1", kill_on_drop: false }`
[INFO] [stdout] 4b09ff4060d98bad0e1b01882becd6470dd49f5e65a83b18fefbfdc33224cf25
[INFO] running `Command { std: "docker" "start" "-a" "4b09ff4060d98bad0e1b01882becd6470dd49f5e65a83b18fefbfdc33224cf25", kill_on_drop: false }`
[INFO] running `Command { std: "docker" "inspect" "4b09ff4060d98bad0e1b01882becd6470dd49f5e65a83b18fefbfdc33224cf25", kill_on_drop: false }`
[INFO] running `Command { std: "docker" "rm" "-f" "4b09ff4060d98bad0e1b01882becd6470dd49f5e65a83b18fefbfdc33224cf25", kill_on_drop: false }`
[INFO] [stdout] 4b09ff4060d98bad0e1b01882becd6470dd49f5e65a83b18fefbfdc33224cf25
[INFO] running `Command { std: "docker" "create" "-v" "/var/lib/crater-agent-workspace/builds/worker-7-tc1/target:/opt/rustwide/target:rw,Z" "-v" "/var/lib/crater-agent-workspace/builds/worker-7-tc1/source:/opt/rustwide/workdir:ro,Z" "-v" "/var/lib/crater-agent-workspace/cargo-home:/opt/rustwide/cargo-home:ro,Z" "-v" "/var/lib/crater-agent-workspace/rustup-home:/opt/rustwide/rustup-home:ro,Z" "-e" "SOURCE_DIR=/opt/rustwide/workdir" "-e" "CARGO_TARGET_DIR=/opt/rustwide/target" "-e" "CARGO_INCREMENTAL=0" "-e" "RUST_BACKTRACE=full" "-e" "RUSTFLAGS=--cap-lints=forbid" "-e" "RUSTDOCFLAGS=--cap-lints=forbid" "-e" "CARGO_HOME=/opt/rustwide/cargo-home" "-e" "RUSTUP_HOME=/opt/rustwide/rustup-home" "-w" "/opt/rustwide/workdir" "-m" "1610612736" "--user" "0:0" "--network" "none" "ghcr.io/rust-lang/crates-build-env/linux@sha256:19e73879b68f455e41552ea35293514db52ea292d993f571636dbffedb77a1ee" "/opt/rustwide/cargo-home/bin/cargo" "+9610dfe5a9a731ced1ea4923ecbd0c57fe367898" "check" "--frozen" "--all" "--all-targets" "--message-format=json", kill_on_drop: false }`
[INFO] [stdout] 90423f9d146e1b2d66db799f605d1ee5beab622b0259c618c4befc12edbb7d9e
[INFO] running `Command { std: "docker" "start" "-a" "90423f9d146e1b2d66db799f605d1ee5beab622b0259c618c4befc12edbb7d9e", kill_on_drop: false }`
[INFO] [stderr]    Compiling pkg-config v0.3.26
[INFO] [stderr]    Compiling libc v0.2.139
[INFO] [stderr]    Compiling proc-macro2 v1.0.49
[INFO] [stderr]    Compiling quote v1.0.23
[INFO] [stderr]    Compiling unicode-ident v1.0.6
[INFO] [stderr]    Compiling serde v1.0.152
[INFO] [stderr]    Compiling syn v1.0.107
[INFO] [stderr]    Compiling smallvec v1.10.0
[INFO] [stderr]    Compiling heck v0.4.0
[INFO] [stderr]    Compiling cfg-expr v0.11.0
[INFO] [stderr]    Compiling version-compare v0.1.1
[INFO] [stderr]    Compiling thiserror v1.0.38
[INFO] [stderr]     Checking once_cell v1.17.0
[INFO] [stderr]    Compiling futures-core v0.3.25
[INFO] [stderr]    Compiling memoffset v0.6.5
[INFO] [stderr]     Checking libloading v0.7.4
[INFO] [stderr]    Compiling cc v1.0.78
[INFO] [stderr]    Compiling proc-macro-error-attr v1.0.4
[INFO] [stderr]    Compiling log v0.4.17
[INFO] [stderr]    Compiling proc-macro-error v1.0.4
[INFO] [stderr]    Compiling slab v0.4.7
[INFO] [stderr]    Compiling lock_api v0.4.9
[INFO] [stderr]    Compiling cmake v0.1.49
[INFO] [stderr]    Compiling anyhow v1.0.68
[INFO] [stderr]    Compiling futures-task v0.3.25
[INFO] [stderr]     Checking getrandom v0.2.8
[INFO] [stderr]    Compiling num-traits v0.2.15
[INFO] [stderr]    Compiling futures-util v0.3.25
[INFO] [stderr]    Compiling xml-rs v0.8.4
[INFO] [stderr]    Compiling ahash v0.7.6
[INFO] [stderr]     Checking pin-utils v0.1.0
[INFO] [stderr]     Checking pin-project-lite v0.2.9
[INFO] [stderr]    Compiling wayland-scanner v0.29.5
[INFO] [stderr]    Compiling crossbeam-utils v0.8.14
[INFO] [stderr]    Compiling futures-channel v0.3.25
[INFO] [stderr]    Compiling freetype-sys v0.13.1
[INFO] [stderr]    Compiling wayland-sys v0.29.5
[INFO] [stderr]    Compiling memoffset v0.7.1
[INFO] [stderr]    Compiling crc32fast v1.3.2
[INFO] [stderr]     Checking miniz_oxide v0.6.2
[INFO] [stderr]    Compiling expat-sys v2.1.6
[INFO] [stderr]     Checking dlib v0.5.0
[INFO] [stderr]    Compiling crossbeam-epoch v0.9.13
[INFO] [stderr]    Compiling memchr v2.5.0
[INFO] [stderr]    Compiling ucd-trie v0.1.5
[INFO] [stderr]    Compiling toml v0.5.10
[INFO] [stderr]    Compiling parking_lot_core v0.9.5
[INFO] [stderr]    Compiling wayland-client v0.29.5
[INFO] [stderr]     Checking hashbrown v0.12.3
[INFO] [stderr]     Checking nix v0.24.3
[INFO] [stderr]     Checking num_cpus v1.15.0
[INFO] [stderr]     Checking futures-executor v0.3.25
[INFO] [stderr]    Compiling indexmap v1.9.2
[INFO] [stderr]     Checking cty v0.2.2
[INFO] [stderr]     Checking flate2 v1.0.25
[INFO] [stderr]    Compiling system-deps v6.0.3
[INFO] [stderr]    Compiling servo-fontconfig-sys v5.1.0
[INFO] [stderr]    Compiling slotmap v1.0.6
[INFO] [stderr]     Checking bytemuck v1.12.3
[INFO] [stderr]    Compiling ash v0.37.1+1.3.235
[INFO] [stderr]     Checking downcast-rs v1.2.0
[INFO] [stderr]    Compiling rayon-core v1.10.1
[INFO] [stderr]     Checking bit-vec v0.6.3
[INFO] [stderr]     Checking minimal-lexical v0.2.1
[INFO] [stderr]    Compiling khronos-egl v4.1.0
[INFO] [stderr]     Checking termcolor v1.1.3
[INFO] [stderr]     Checking scoped-tls v1.0.1
[INFO] [stderr]     Checking nom v7.1.2
[INFO] [stderr]     Checking bit-set v0.5.3
[INFO] [stderr]     Checking wayland-commons v0.29.5
[INFO] [stderr]     Checking crossbeam-deque v0.8.2
[INFO] [stderr]     Checking codespan-reporting v0.11.1
[INFO] [stderr]    Compiling glib-sys v0.15.10
[INFO] [stderr]    Compiling gobject-sys v0.15.10
[INFO] [stderr]    Compiling gio-sys v0.15.10
[INFO] [stderr]    Compiling pango-sys v0.15.10
[INFO] [stderr]    Compiling atk-sys v0.15.1
[INFO] [stderr]    Compiling gdk-pixbuf-sys v0.15.10
[INFO] [stderr]    Compiling gdk-sys v0.15.1
[INFO] [stderr]    Compiling cairo-sys-rs v0.15.1
[INFO] [stderr]     Checking parking_lot v0.12.1
[INFO] [stderr]     Checking raw-window-handle v0.5.0
[INFO] [stderr]    Compiling wayland-protocols v0.29.5
[INFO] [stderr]     Checking crossbeam-channel v0.5.6
[INFO] [stderr]     Checking spirv v0.2.0+1.5.4
[INFO] [stderr]     Checking gpu-descriptor-types v0.1.1
[INFO] [stderr]     Checking gpu-alloc-types v0.2.0
[INFO] [stderr]    Compiling cfg_aliases v0.1.1
[INFO] [stderr]     Checking hexf-parse v0.2.1
[INFO] [stderr]    Compiling thiserror-impl v1.0.38
[INFO] [stderr]     Checking unicode-xid v0.2.4
[INFO] [stderr]    Compiling gio v0.15.12
[INFO] [stderr]     Checking rustc-hash v1.1.0
[INFO] [stderr]     Checking gpu-alloc v0.5.3
[INFO] [stderr]    Compiling wgpu-core v0.14.2
[INFO] [stderr]    Compiling pin-project-internal v1.0.12
[INFO] [stderr]    Compiling foreign-types-macros v0.2.2
[INFO] [stderr]     Checking xcursor v0.3.4
[INFO] [stderr]     Checking gpu-descriptor v0.2.3
[INFO] [stderr]    Compiling gtk-sys v0.15.3
[INFO] [stderr]     Checking fxhash v0.2.1
[INFO] [stderr]     Checking png v0.17.7
[INFO] [stderr]     Checking nix v0.25.1
[INFO] [stderr]    Compiling smithay-client-toolkit v0.16.0
[INFO] [stderr]    Compiling crossfont v0.5.1
[INFO] [stderr]     Checking wgpu-types v0.14.1
[INFO] [stderr]    Compiling num-integer v0.1.45
[INFO] [stderr]     Checking either v1.8.0
[INFO] [stderr]     Checking renderdoc-sys v0.7.1
[INFO] [stderr]     Checking foreign-types-shared v0.3.1
[INFO] [stderr]     Checking profiling v1.0.7
[INFO] [stderr]     Checking glow v0.11.2
[INFO] [stderr]     Checking arrayvec v0.7.2
[INFO] [stderr]     Checking arrayref v0.3.6
[INFO] [stderr]     Checking futures-io v0.3.25
[INFO] [stderr]     Checking naga v0.10.0
[INFO] [stderr]    Compiling proc-macro-crate v1.2.1
[INFO] [stderr]    Compiling pest v2.5.2
[INFO] [stderr]     Checking vec_map v0.8.2
[INFO] [stderr]     Checking tiny-skia-path v0.7.0
[INFO] [stderr]    Compiling glib-macros v0.15.11
[INFO] [stderr]     Checking calloop v0.10.5
[INFO] [stderr]     Checking pin-project v1.0.12
[INFO] [stderr]     Checking foreign-types v0.5.0
[INFO] [stderr]     Checking rayon v1.6.1
[INFO] [stderr]    Compiling semver-parser v0.10.2
[INFO] [stderr]     Checking servo-fontconfig v0.5.1
[INFO] [stderr]    Compiling semver v0.11.0
[INFO] [stderr]     Checking wayland-cursor v0.29.5
[INFO] [stderr]    Compiling rustc_version v0.3.3
[INFO] [stderr]     Checking safe_arch v0.5.2
[INFO] [stderr]     Checking freetype-rs v0.26.0
[INFO] [stderr]    Compiling field-offset v0.3.4
[INFO] [stderr]     Checking spin v0.9.4
[INFO] [stderr]     Checking nanorand v0.7.0
[INFO] [stderr]     Checking memmap2 v0.5.8
[INFO] [stderr]    Compiling x11-dl v2.20.1
[INFO] [stderr]    Compiling num-rational v0.4.1
[INFO] [stderr]     Checking weezl v0.1.7
[INFO] [stderr]     Checking futures-sink v0.3.25
[INFO] [stderr]     Checking arrayvec v0.5.2
[INFO] [stderr]     Checking jpeg-decoder v0.3.0
[INFO] [stderr]     Checking flume v0.10.14
[INFO] [stderr]     Checking tiny-skia v0.7.0
[INFO] [stderr]     Checking glib v0.15.12
[INFO] [stderr]     Checking threadpool v1.8.1
[INFO] [stderr]    Compiling gtk v0.15.5
[INFO] [stderr]     Checking color_quant v1.1.0
[INFO] [stderr]     Checking half v2.2.1
[INFO] [stderr]     Checking static_assertions v1.1.0
[INFO] [stderr]     Checking bit_field v0.10.1
[INFO] [stderr]     Checking lebe v0.5.2
[INFO] [stderr]     Checking gif v0.11.4
[INFO] [stderr]     Checking tiff v0.8.1
[INFO] [stderr]     Checking exr v1.5.2
[INFO] [stderr]    Compiling gtk3-macros v0.15.4
[INFO] [stderr]     Checking raw-window-handle v0.4.3
[INFO] [stderr]     Checking mio v0.8.5
[INFO] [stderr]     Checking instant v0.1.12
[INFO] [stderr]     Checking percent-encoding v2.2.0
[INFO] [stderr]     Checking scoped_threadpool v0.1.9
[INFO] [stderr]     Checking rsgt_core v0.1.0
[INFO] [stderr]     Checking pollster v0.2.5
[INFO] [stderr]     Checking image v0.24.5
[INFO] [stderr]     Checking wgpu-hal v0.14.1
[INFO] [stderr]     Checking sctk-adwaita v0.4.3
[INFO] [stderr]     Checking winit v0.27.5
[INFO] [stderr]     Checking cairo-rs v0.15.12
[INFO] [stderr]     Checking pango v0.15.10
[INFO] [stderr]     Checking atk v0.15.1
[INFO] [stderr]     Checking wgpu v0.14.2
[INFO] [stderr]     Checking rsgt_wgpu v0.1.0
[INFO] [stderr]     Checking rsgt v0.3.5 (/opt/rustwide/workdir)
[INFO] [stdout] error[E0432]: unresolved import `winit::platform::windows`
[INFO] [stdout]   --> src/rframe.rs:24:22
[INFO] [stdout]    |
[INFO] [stdout] 24 | use winit::platform::windows::WindowExtWindows;
[INFO] [stdout]    |                      ^^^^^^^ could not find `windows` in `platform`
[INFO] [stdout] 
[INFO] [stdout] 
[INFO] [stdout] warning: unused import: `std::fmt`
[INFO] [stdout]   --> src/lib.rs:18:5
[INFO] [stdout]    |
[INFO] [stdout] 18 | use std::fmt;
[INFO] [stdout]    |     ^^^^^^^^
[INFO] [stdout]    |
[INFO] [stdout]    = note: `#[warn(unused_imports)]` on by default
[INFO] [stdout] 
[INFO] [stdout] 
[INFO] [stdout] warning: unused import: `PhysicalPosition`
[INFO] [stdout]   --> src/lib.rs:20:35
[INFO] [stdout]    |
[INFO] [stdout] 20 | use winit::dpi::{LogicalPosition, PhysicalPosition, PhysicalSize};
[INFO] [stdout]    |                                   ^^^^^^^^^^^^^^^^
[INFO] [stdout] 
[INFO] [stdout] 
[INFO] [stdout] warning: unused import: `std::iter`
[INFO] [stdout]   --> src/rframe.rs:16:5
[INFO] [stdout]    |
[INFO] [stdout] 16 | use std::iter;
[INFO] [stdout]    |     ^^^^^^^^^
[INFO] [stdout] 
[INFO] [stdout] 
[INFO] [stdout] error[E0599]: no method named `set_enable` found for struct `winit::window::Window` in the current scope
[INFO] [stdout]    --> src/rframe.rs:206:21
[INFO] [stdout]     |
[INFO] [stdout] 206 |         self.handle.set_enable(true);
[INFO] [stdout]     |                     ^^^^^^^^^^ help: there is a method with a similar name: `set_resizable`
[INFO] [stdout] 
[INFO] [stdout] 
[INFO] [stdout] error[E0599]: no method named `set_enable` found for struct `winit::window::Window` in the current scope
[INFO] [stdout]    --> src/rframe.rs:210:21
[INFO] [stdout]     |
[INFO] [stdout] 210 |         self.handle.set_enable(false);
[INFO] [stdout]     |                     ^^^^^^^^^^ help: there is a method with a similar name: `set_resizable`
[INFO] [stdout] 
[INFO] [stdout] 
[INFO] [stdout] error[E0599]: no method named `set_taskbar_icon` found for struct `winit::window::Window` in the current scope
[INFO] [stdout]    --> src/rframe.rs:265:21
[INFO] [stdout]     |
[INFO] [stdout] 265 |         self.handle.set_taskbar_icon(Some(icon));
[INFO] [stdout]     |                     ^^^^^^^^^^^^^^^^ method not found in `Window`
[INFO] [stdout] 
[INFO] [stdout] 
[INFO] [stdout] error: aborting due to 4 previous errors; 3 warnings emitted
[INFO] [stdout] 
[INFO] [stdout] 
[INFO] [stdout] Some errors have detailed explanations: E0432, E0599.
[INFO] [stdout] 
[INFO] [stdout] For more information about an error, try `rustc --explain E0432`.
[INFO] [stdout] 
[INFO] [stderr] error: could not compile `rsgt` (lib) due to 5 previous errors; 3 warnings emitted
[INFO] [stderr] warning: build failed, waiting for other jobs to finish...
[INFO] running `Command { std: "docker" "inspect" "90423f9d146e1b2d66db799f605d1ee5beab622b0259c618c4befc12edbb7d9e", kill_on_drop: false }`
[INFO] running `Command { std: "docker" "rm" "-f" "90423f9d146e1b2d66db799f605d1ee5beab622b0259c618c4befc12edbb7d9e", kill_on_drop: false }`
[INFO] [stdout] 90423f9d146e1b2d66db799f605d1ee5beab622b0259c618c4befc12edbb7d9e
